293286 is divided by 41696.
6
Calculate the remainder when 126542754 is divided by 69.
66
Calculate the remainder when 28402700 is divided by 16.
12
What is the remainder when 64075908 is divided by 96?
36
Calculate the remainder when 13772482 is divided by 54.
52
Calculate the remainder when 3096691 is divided by 1295.
346
What is the remainder when 113729835 is divided by 9047?
9045
What is the remainder when 7814582 is divided by 1824?
566
Calculate the remainder when 554405 is divided by 552728.
1677
What is the remainder when 16661519 is divided by 360?
359
Calculate the remainder when 1232657 is divided by 9327.
1493
Calculate the remainder when 1420771 is divided by 1420197.
574
Calculate the remainder when 124771688 is divided by 8318112.
8
What is the remainder when 218895 is divided by 886?
53
What is the remainder when 54993 is divided by 2232?
1425
Calculate the remainder when 1280636 is divided by 55.
16
What is the remainder when 9495 is divided by 69?
42
What is the remainder when 875082279 is divided by 4604?
4603
Calculate the remainder when 3238783 is divided by 48340.
3
Calculate the remainder when 224254 is divided by 3297.
58
Calculate the remainder when 28264 is divided by 4709.
10
What is the remainder when 62844239 is divided by 33?
29
Calculate the remainder when 3685094 is divided by 8.
6
What is the remainder when 130117 is divided by 836?
537
What is the remainder when 30731999 is divided by 258252?
11
What is the remainder when 115823398 is divided by 2180?
2178
Calculate the remainder when 330648 is divided by 14.
10
What is the remainder when 93875055 is divided by 1843?
7
Calculate the remainder when 710972 is divided by 355478.
16
What is the remainder when 4384615 is divided by 103?
8
Calculate the remainder when 4656876 is divided by 430.
406
Calculate the remainder when 55578 is divided by 1586.
68
What is the remainder when 2907296 is divided by 617?
609
What is the remainder when 534868 is divided by 76402?
54
Calculate the remainder when 58391 is divided by 3008.
1239
What is the remainder when 1194300 is divided by 928?
892
Calculate the remainder when 218952717 is divided by 105.
102
What is the remainder when 717658 is divided by 51259?
32
What is the remainder when 19060 is divided by 17316?
1744
What is the remainder when 688322 is divided by 688195?
127
Calculate the remainder when 265238 is divided by 70.
8
Calculate the remainder when 4223031 is divided by 1483.
930
Calculate the remainder when 376232 is divided by 597.
122
What is the remainder when 179357 is divided by 67?
65
What is the remainder when 7096291 is divided by 1408?
1379
Calculate the remainder when 6495955 is divided by 32318.
37
What is the remainder when 1722141 is divided by 252?
225
What is the remainder when 2187178 is divided by 75?
28
Calculate the remainder when 100103 is divided by 33090.
833
Calculate the remainder when 3246473 is divided by 802.
779
What is the remainder when 561762 is divided by 13375?
12
What is the remainder when 312246 is divided by 2738?
114
Calculate the remainder when 44632 is divided by 11113.
180
What is the remainder when 17379 is divided by 5471?
966
Calculate the remainder when 68400 is divided by 1078.
486
What is the remainder when 1155664 is divided by 60649?
3333
What is the remainder when 884853 is divided by 586?
579
Calculate the remainder when 6467293 is divided by 1538.
3
What is the remainder when 276879 is divided by 92034?
777
What is the remainder when 6266 is divided by 2364?
1538
What is the remainder when 562091 is divided by 187363?
2
What is the remainder when 9359 is divided by 4561?
237
Calculate the remainder when 4888463 is divided by 94.
87
What is the remainder when 105219 is divided by 1653?
1080
Calculate the remainder when 302446 is divided by 1334.
962
Calculate the remainder when 2122973 is divided by 3867.
3857
What is the remainder when 11852 is divided by 703?
604
What is the remainder when 151559 is divided by 2963?
446
Calculate the remainder when 13600 is divided by 3816.
2152
What is the remainder when 3675609 is divided by 382?
5
What is the remainder when 352597 is divided by 2625?
847
What is the remainder when 21769 is divided by 10789?
191
Calculate the remainder when 7871146 is divided by 372.
370
What is the remainder when 11155011 is divided by 2788748?
19
Calculate the remainder when 461385 is divided by 51236.
261
Calculate the remainder when 10184237 is divided by 71.
68
Calculate the remainder when 211991 is divided by 9553.
1825
Calculate the remainder when 37434577 is divided by 2793.
2791
Calculate the remainder when 415314 is divided by 82917.
729
Calculate the remainder when 287457 is divided by 95751.
204
What is the remainder when 40953018 is divided by 15619?
0
What is the remainder when 7927 is divided by 2564?
235
Calculate the remainder when 357470 is divided by 121.
36
Calculate the remainder when 9437223 is divided by 124.
79
What is the remainder when 461673 is divided by 1733?
695
Calculate the remainder when 943815294 is divided by 6983.
6980
Calculate the remainder when 413939 is divided by 3979.
123
Calculate the remainder when 17439266 is divided by 101984.
2
Calculate the remainder when 176599 is divided by 88135.
329
Calculate the remainder when 573565 is divided by 182.
83
Calculate the remainder when 128788 is divided by 6.
4
What is the remainder when 153562 is divided by 36496?
7578
What is the remainder when 56153 is divided by 149?
129
What is the remainder when 3631921971 is divided by 4066?
4065
Calculate the remainder when 503369 is divided by 1144.
9
Calculate the remainder when 3407874 is divided by 388.
70
Calculate the remainder when 72356156 is divided by 160.
156
Calculate the remainder when 73133 is divided by 169.
125
Calculate the remainder when 150415 is divided by 194.
65
Calculate the remainder when 116763 is divided by 1893.
1290
What is the remainder when 15388 is divided by 1287?
1231
What is the remainder when 6499432 is divided by 204?
196
Calculate the remainder when 1110151 is divided by 2331.
595
What is the remainder when 7895298 is divided by 34?
22
What is the remainder when 21275076 is divided by 4254989?
131
What is the remainder when 3389365 is divided by 66?
1
What is the remainder when 1929416 is divided by 481735?
2476
What is the remainder when 26290811 is divided by 11?
8
What is the remainder when 16402091 is divided by 5467127?
710
Calculate the remainder when 462536 is divided by 485.
331
What is the remainder when 86654996 is divided by 257?
250
Calculate the remainder when 184195 is divided by 130.
115
Calculate the remainder when 296892 is divided by 730.
512
Calculate the remainder when 1180726 is divided by 147568.
182
What is the remainder when 419664 is divided by 7845?
3879
What is the remainder when 1520398 is divided by 116953?
9
Calculate the remainder when 1360538 is divided by 20614.
14
Calculate the remainder when 582047 is divided by 545.
532
Calculate the remainder when 60554788 is divided by 20.
8
What is the remainder when 133867898 is divided by 25?
23
Calculate the remainder when 25660036 is divided by 5132002.
26
Calculate the remainder when 39095906 is divided by 109.
4
Calculate the remainder when 5414723 is divided by 36.
35
What is the remainder when 1162942 is divided by 232530?
292
What is the remainder when 8400798 is divided by 38?
24
What is the remainder when 61557143 is divided by 33?
32
What is the remainder when 146829 is divided by 29255?
554
What is the remainder when 10784654 is divided by 567601?
235
What is the remainder when 1050442 is divided by 262594?
66
Calculate the remainder when 265295 is divided by 132067.
1161
What is the remainder when 10879344 is divided by 3075?
3069
Calculate the remainder when 2144555 is divided by 2215.
435
What is the remainder when 646865 is divided by 323186?
493
What is the remainder when 2311745 is divided by 23832?
41
What is the remainder when 1390057 is divided by 6178?
7
Calculate the remainder when 14474480 is divided by 4014.
4010
What is the remainder when 24921011 is divided by 17?
14
What is the remainder when 336135 is divided by 7765?
2240
Calculate the remainder when 12419345 is divided by